{"id":355,"date":"2024-10-26T11:58:40","date_gmt":"2024-10-26T09:58:40","guid":{"rendered":"https:\/\/sachotnumerique.com\/?page_id=355"},"modified":"2024-10-26T11:58:40","modified_gmt":"2024-10-26T09:58:40","slug":"jobs-2","status":"publish","type":"page","link":"https:\/\/sachotnumerique.com\/index.php\/jobs-2\/","title":{"rendered":"Jobs&#8230;"},"content":{"rendered":"\n<p class=\"has-black-color has-text-color has-link-color wp-elements-5717ea80b27cacc26de34ca0b5e8e231\">Nous avons l\u2019ambition de grandir rapidement. Nos projets d\u2019expansion dans la r\u00e9gion sont ambitieux, avec un accent particulier sur les travailleurs ind\u00e9pendants, les petites entreprises, ainsi que sur la formation professionnelle\/consulting, la cybers\u00e9curit\u00e9 \u00e0 travers la forensique num\u00e9rique. <br>Attendez-vous \u00e0 un processus de recrutement unique en son genre.<\/p>\n\n\n\n<p class=\"has-black-color has-text-color has-link-color wp-elements-40a4a565f5b3df102ed12c73af527f2a\">Nous sommes fiers de notre diff\u00e9rence. Travailler avec nous, c\u2019est avant tout travailler pour nos clients. Nous croyons fermement que la r\u00e9ussite repose sur un travail de qualit\u00e9, en respectant les plus hauts standards de confiance et d\u2019int\u00e9grit\u00e9. Pas de commerciaux chez nous \u2014 et nous en faisons une force.<\/p>\n\n\n\n<p class=\"has-black-color has-text-color has-link-color wp-elements-329cc75aa58210e84d2d617a0b6cc052\">Si vous partagez ces valeurs, et que vous \u00eates pragmatique et sinc\u00e8re, nous serions ravis de consid\u00e9rer votre candidature pour tout poste actuel ou futur.<\/p>\n\n\n\n<p class=\"has-black-color has-text-color has-link-color wp-elements-d1315189269652623020d009833f1607\">Si notre vision r\u00e9sonne avec vous et que vous pensez pouvoir contribuer \u00e0 notre r\u00e9ussite \u00e0 long terme, envoyez-nous votre CV et une lettre de motivation (aussi d\u00e9taill\u00e9e que vous le souhaitez). Nous conserverons vos informations pendant 12 mois pour toute opportunit\u00e9 future.<\/p>\n\n\n\n<p class=\"has-black-color has-text-color has-link-color wp-elements-7d97b2f1c13abff6a585729a710674e5\">Actuellement, aucun poste n&rsquo;est \u00e0 pourvoir.<\/p>\n\n\n\n<p class=\"has-black-color has-text-color has-link-color wp-elements-fc604887eb85b680803b357f4f757775\"><strong>Demandes de stage :<\/strong> Nous n&rsquo;accepterons plus des demandes de stage avant janvier 2025.<\/p>\n","protected":false},"excerpt":{"rendered":"<p>Nous avons l\u2019ambition de grandir rapidement. Nos projets d\u2019expansion dans la r\u00e9gion sont ambitieux, avec un accent particulier sur les travailleurs ind\u00e9pendants, les petites entreprises, ainsi que sur la formation professionnelle\/consulting, la cybers\u00e9curit\u00e9 \u00e0 travers la forensique num\u00e9rique. Attendez-vous \u00e0 un processus de recrutement unique en son genre. Nous sommes fiers de notre diff\u00e9rence. Travailler [&hellip;]<\/p>\n","protected":false},"author":1,"featured_media":0,"parent":0,"menu_order":0,"comment_status":"closed","ping_status":"closed","template":"templates\/template-page-full-width.php","meta":{"footnotes":""},"class_list":["post-355","page","type-page","status-publish","hentry"],"_links":{"self":[{"href":"https:\/\/sachotnumerique.com\/index.php\/wp-json\/wp\/v2\/pages\/355","targetHints":{"allow":["GET"]}}],"collection":[{"href":"https:\/\/sachotnumerique.com\/index.php\/wp-json\/wp\/v2\/pages"}],"about":[{"href":"https:\/\/sachotnumerique.com\/index.php\/wp-json\/wp\/v2\/types\/page"}],"author":[{"embeddable":true,"href":"https:\/\/sachotnumerique.com\/index.php\/wp-json\/wp\/v2\/users\/1"}],"replies":[{"embeddable":true,"href":"https:\/\/sachotnumerique.com\/index.php\/wp-json\/wp\/v2\/comments?post=355"}],"version-history":[{"count":1,"href":"https:\/\/sachotnumerique.com\/index.php\/wp-json\/wp\/v2\/pages\/355\/revisions"}],"predecessor-version":[{"id":357,"href":"https:\/\/sachotnumerique.com\/index.php\/wp-json\/wp\/v2\/pages\/355\/revisions\/357"}],"wp:attachment":[{"href":"https:\/\/sachotnumerique.com\/index.php\/wp-json\/wp\/v2\/media?parent=355"}],"curies":[{"name":"wp","href":"https:\/\/api.w.org\/{rel}","templated":true}]}}