{"id":318,"date":"2024-10-25T15:52:57","date_gmt":"2024-10-25T13:52:57","guid":{"rendered":"https:\/\/sachotnumerique.com\/?page_id=318"},"modified":"2024-10-26T14:37:35","modified_gmt":"2024-10-26T12:37:35","slug":"formations-professionnels","status":"publish","type":"page","link":"https:\/\/sachotnumerique.com\/index.php\/formations-professionnels\/","title":{"rendered":"Formations Professionnels"},"content":{"rendered":"\n<p><strong>Nous allons bien au-del\u00e0 de la formation traditionnelle<\/strong><\/p>\n\n\n\n<p>Les organismes de formation traditionnels enseignent des comp\u00e9tences sp\u00e9cifiques \u00e0 vos \u00e9quipes, sont pay\u00e9s, puis repartent. <strong>Nous ne sommes pas de cet avis.<\/strong><\/p>\n\n\n\n<p>Avec notre exp\u00e9rience et notre d\u00e9termination, nous faisons en sorte que cela fonctionne <strong>pour votre entreprise<\/strong> et <strong>pour vos employ\u00e9s<\/strong>.<\/p>\n\n\n\n<p>Il existe litt\u00e9ralement des millions de sites, de livres et de vid\u00e9os qui vous apprendront des formules sp\u00e9cifiques pour Excel. Vous n\u2019avez pas besoin de nous pour \u00e7a. <strong>Nous allons bien plus loin.<\/strong> Nous int\u00e9grons ces comp\u00e9tences dans une d\u00e9marche globale, avec une v\u00e9ritable strat\u00e9gie pour maximiser leur impact au sein de votre organisation.<\/p>\n\n\n\n<p><\/p>\n\n\n\n<p><strong>Vos employ\u00e9s, votre atout le plus pr\u00e9cieux<\/strong><\/p>\n\n\n\n<p>Les <strong>employ\u00e9s<\/strong> sont le <strong>v\u00e9ritable moteur<\/strong> de toute entreprise, et un investissement dans leur d\u00e9veloppement est un investissement dans l\u2019avenir de votre soci\u00e9t\u00e9. Cependant, ces derni\u00e8res ann\u00e9es, nous avons observ\u00e9 une baisse notable de la productivit\u00e9 et de la satisfaction des employ\u00e9s dans de nombreuses entreprises. Cette situation d\u00e9coule souvent d\u2019un manque de formation en technologies de l\u2019information, laissant les \u00e9quipes utiliser des m\u00e9thodes d\u00e9pass\u00e9es des ann\u00e9es 90 et 2000.<\/p>\n\n\n\n<p>La <strong>technologie \u00e9volue plus vite que tout autre secteur<\/strong>, et les entreprises qui ne s\u2019adaptent pas risquent de se retrouver \u00e0 la tra\u00eene. En investissant dans la formation de votre personnel, vous leur offrez les outils n\u00e9cessaires pour \u00eatre plus efficaces, plus serein au travail, et pour permettre \u00e0 votre entreprise d\u2019\u00e9voluer dans un monde num\u00e9rique en pleine r\u00e9volution.<\/p>\n\n\n\n<p><strong>En plus de former vos \u00e9quipes, nous vous aidons \u00e9galement \u00e0 analyser les syst\u00e8mes et proc\u00e9dures d\u00e9j\u00e0 en place<\/strong> dans votre organisation. Nous travaillons main dans la main avec votre direction pour identifier des pistes d\u2019am\u00e9lioration qui permettront d\u2019augmenter la qualit\u00e9 du travail, de renforcer la conformit\u00e9 avec les l\u00e9gislations sur la protection des donn\u00e9es, et d\u2019optimiser les heures de travail gr\u00e2ce \u00e0 des solutions technologiques concr\u00e8tes et adapt\u00e9es au terrain.<\/p>\n\n\n\n<p>Apr\u00e8s tout, une formation sans guide pour mettre en \u0153uvre ces nouvelles connaissances au profit de votre organisation n\u2019est pas une recette pour le succ\u00e8s. Avec nous, la r\u00e9ussite de votre entreprise est <strong>toujours une priorit\u00e9<\/strong>, et nous nous engageons \u00e0 vous accompagner dans la <strong>mise en pratique efficace<\/strong> de ces comp\u00e9tences nouvellement acquises.<\/p>\n\n\n\n<p><strong>Formation Personnalis\u00e9e pour Votre Entreprise<\/strong><\/p>\n\n\n\n<p><strong>Des formations sur mesure pour des r\u00e9sultats concrets<\/strong><\/p>\n\n\n\n<p>Nos programmes de formation sont con\u00e7us sp\u00e9cifiquement pour r\u00e9pondre aux besoins r\u00e9els de votre entreprise. Que vous souhaitiez am\u00e9liorer la productivit\u00e9 de vos \u00e9quipes ou moderniser leurs comp\u00e9tences, nous proposons des formations adapt\u00e9es \u00e0 votre environnement et vos objectifs.<\/p>\n\n\n\n<p><strong>Groupes de 5 \u00e0 25 personnes<\/strong><\/p>\n\n\n\n<p>Nous offrons des formations en petits ou grands groupes, de <strong>5 \u00e0 25 participants<\/strong>, garantissant ainsi une approche personnalis\u00e9e tout en optimisant le temps pass\u00e9 en formation.<\/p>\n\n\n\n<p><strong>Am\u00e9lioration de la productivit\u00e9 gr\u00e2ce \u00e0 une meilleure compr\u00e9hension des technologies<\/strong><\/p>\n\n\n\n<p>Notre objectif est toujours de <strong>renforcer la productivit\u00e9<\/strong> par une meilleure compr\u00e9hension et utilisation des <strong>derni\u00e8res technologies<\/strong> et des <strong>techniques avanc\u00e9es<\/strong>. Nous ne formons pas seulement vos \u00e9quipes \u00e0 utiliser des outils, mais \u00e0 changer leur vision de la technologie, pour qu\u2019elle devienne un atout, et non une contrainte.<\/p>\n\n\n\n<p><strong>Th\u00e8mes de formation<\/strong><\/p>\n\n\n\n<p>Nous couvrons un large \u00e9ventail de sujets essentiels \u00e0 l\u2019entreprise moderne, dont :<\/p>\n\n\n\n<p>\u2022 <strong>Microsoft Office<\/strong> : Outlook, Word, Excel, PowerPoint (de la base au niveau avanc\u00e9)<\/p>\n\n\n\n<p>\u2022 <strong>Windows 10 &amp; 11<\/strong> : Initiation \u00e0 ma\u00eetrise compl\u00e8te<\/p>\n\n\n\n<p>\u2022 <strong>Utilisation d\u2019internet et s\u00e9curit\u00e9 en ligne<\/strong><\/p>\n\n\n\n<p>\u2022 <strong>Emails<\/strong> : De la gestion basique \u00e0 des techniques avanc\u00e9es<\/p>\n\n\n\n<p>\u2022 <strong>Intelligence artificielle<\/strong> : Comment utiliser l\u2019IA pour <strong>am\u00e9liorer consid\u00e9rablement<\/strong> la qualit\u00e9 et la productivit\u00e9 au travail<\/p>\n\n\n\n<p>\u2022 <strong>Protection des donn\u00e9es<\/strong> et mise en place de syst\u00e8mes sans papier<\/p>\n\n\n\n<p>\u2022 <strong>Formations sp\u00e9cifiques pour centres d\u2019appels<\/strong>, disponibles en fran\u00e7ais et en anglais<\/p>\n\n\n\n<p><strong>Une expertise reconnue<\/strong><\/p>\n\n\n\n<p>Avec des ann\u00e9es d\u2019exp\u00e9rience, nous avons r\u00e9alis\u00e9 des formations pour des entreprises de renom telles que <strong>L\u2019Or\u00e9al<\/strong>, <strong>G7 Taxis<\/strong>, <strong>jedeclare.com<\/strong>, <strong>CityBird<\/strong>, <strong>Bosch<\/strong>, et <strong>Oxybul<\/strong>.<\/p>\n\n\n\n<p><strong>Programme personnalis\u00e9 adapt\u00e9 \u00e0 vos besoins<\/strong><\/p>\n\n\n\n<p>Chaque programme de formation est personnalis\u00e9 apr\u00e8s une analyse approfondie de vos besoins sp\u00e9cifiques. Pour cela, nous investissons un peu de temps au sein de votre entreprise afin d\u2019\u00e9tablir un devis d\u00e9taill\u00e9 et parfaitement adapt\u00e9 \u00e0 vos attentes. Cette \u00e9valuation est propos\u00e9e \u00e0 un <strong>tarif r\u00e9duit<\/strong> et pourra \u00eatre d\u00e9duite de votre facture si vous d\u00e9cidez de poursuivre avec nos services.<\/p>\n\n\n\n<p><a href=\"https:\/\/sachotnumerique.com\/index.php\/nous-contacter\/\" data-type=\"page\" data-id=\"175\">Contactez-nous<\/a> pour organiser une premi\u00e8re consultation et d\u00e9couvrir comment nos formations peuvent aider votre entreprise \u00e0 \u00e9voluer.<\/p>\n\n\n<div class=\"wp-block-image is-style-default\">\n<figure class=\"alignleft size-full is-resized\"><a href=\"https:\/\/sachotnumerique.com\/\"><img loading=\"lazy\" decoding=\"async\" width=\"512\" height=\"512\" src=\"http:\/\/sachotnumerique.com\/wp-content\/uploads\/2024\/10\/cropped-IMG_3003.jpg\" alt=\"\" class=\"wp-image-179\" style=\"width:62px;height:auto\" srcset=\"https:\/\/sachotnumerique.com\/wp-content\/uploads\/2024\/10\/cropped-IMG_3003.jpg 512w, https:\/\/sachotnumerique.com\/wp-content\/uploads\/2024\/10\/cropped-IMG_3003-300x300.jpg 300w, https:\/\/sachotnumerique.com\/wp-content\/uploads\/2024\/10\/cropped-IMG_3003-150x150.jpg 150w, https:\/\/sachotnumerique.com\/wp-content\/uploads\/2024\/10\/cropped-IMG_3003-270x270.jpg 270w, https:\/\/sachotnumerique.com\/wp-content\/uploads\/2024\/10\/cropped-IMG_3003-192x192.jpg 192w, https:\/\/sachotnumerique.com\/wp-content\/uploads\/2024\/10\/cropped-IMG_3003-180x180.jpg 180w, https:\/\/sachotnumerique.com\/wp-content\/uploads\/2024\/10\/cropped-IMG_3003-32x32.jpg 32w\" sizes=\"auto, (max-width: 512px) 100vw, 512px\" \/><\/a><\/figure>\n<\/div>\n\n\n<p><\/p>\n\n\n\n<p><\/p>\n","protected":false},"excerpt":{"rendered":"<p>Nous allons bien au-del\u00e0 de la formation traditionnelle Les organismes de formation traditionnels enseignent des comp\u00e9tences sp\u00e9cifiques \u00e0 vos \u00e9quipes, sont pay\u00e9s, puis repartent. Nous ne sommes pas de cet avis. Avec notre exp\u00e9rience et notre d\u00e9termination, nous faisons en sorte que cela fonctionne pour votre entreprise et pour vos employ\u00e9s. Il existe litt\u00e9ralement des [&hellip;]<\/p>\n","protected":false},"author":1,"featured_media":0,"parent":0,"menu_order":0,"comment_status":"closed","ping_status":"closed","template":"templates\/template-page-full-width.php","meta":{"footnotes":""},"class_list":["post-318","page","type-page","status-publish","hentry"],"_links":{"self":[{"href":"https:\/\/sachotnumerique.com\/index.php\/wp-json\/wp\/v2\/pages\/318","targetHints":{"allow":["GET"]}}],"collection":[{"href":"https:\/\/sachotnumerique.com\/index.php\/wp-json\/wp\/v2\/pages"}],"about":[{"href":"https:\/\/sachotnumerique.com\/index.php\/wp-json\/wp\/v2\/types\/page"}],"author":[{"embeddable":true,"href":"https:\/\/sachotnumerique.com\/index.php\/wp-json\/wp\/v2\/users\/1"}],"replies":[{"embeddable":true,"href":"https:\/\/sachotnumerique.com\/index.php\/wp-json\/wp\/v2\/comments?post=318"}],"version-history":[{"count":12,"href":"https:\/\/sachotnumerique.com\/index.php\/wp-json\/wp\/v2\/pages\/318\/revisions"}],"predecessor-version":[{"id":385,"href":"https:\/\/sachotnumerique.com\/index.php\/wp-json\/wp\/v2\/pages\/318\/revisions\/385"}],"wp:attachment":[{"href":"https:\/\/sachotnumerique.com\/index.php\/wp-json\/wp\/v2\/media?parent=318"}],"curies":[{"name":"wp","href":"https:\/\/api.w.org\/{rel}","templated":true}]}}