{"id":147,"date":"2024-10-07T11:57:01","date_gmt":"2024-10-07T09:57:01","guid":{"rendered":"https:\/\/sachotnumerique.com\/?page_id=147"},"modified":"2024-10-26T14:37:19","modified_gmt":"2024-10-26T12:37:19","slug":"professionnels-du-droit","status":"publish","type":"page","link":"https:\/\/sachotnumerique.com\/index.php\/professionnels-du-droit\/","title":{"rendered":"Professionnels du Droit"},"content":{"rendered":"\n<p><strong>R\u00e9cup\u00e9ration de Donn\u00e9es et Enqu\u00eates Num\u00e9riques pour les Professionnels du Droit<\/strong><\/p>\n\n\n\n<p><strong>Acc\u00e9dez aux preuves num\u00e9riques critiques pour vos affaires judiciaires gr\u00e2ce \u00e0 des services experts en r\u00e9cup\u00e9ration de donn\u00e9es et en enqu\u00eates num\u00e9riques.<\/strong><\/p>\n\n\n\n<p>En tant que professionnel du droit, vous comprenez l\u2019importance d\u2019obtenir des preuves fiables et en temps opportun. \u00c0 l&rsquo;\u00e8re num\u00e9rique, des informations cruciales peuvent \u00eatre cach\u00e9es dans des fichiers endommag\u00e9s, chiffr\u00e9s ou m\u00eame supprim\u00e9s. C\u2019est l\u00e0 que nos services sp\u00e9cialis\u00e9s interviennent pour vous aider \u00e0 acc\u00e9der aux informations n\u00e9cessaires tout en respectant les plus hauts standards d\u2019int\u00e9grit\u00e9 et de confidentialit\u00e9.<\/p>\n\n\n\n<h3 class=\"wp-block-heading\">Pourquoi faire appel \u00e0 nous ?<\/h3>\n\n\n\n<ul class=\"wp-block-list\">\n<li><strong>Pr\u00e9cision et Fiabilit\u00e9 :<\/strong> Nous offrons une analyse technique approfondie et la r\u00e9cup\u00e9ration de donn\u00e9es sur divers appareils, notamment les ordinateurs, smartphones et autres supports num\u00e9riques. Que vous ayez besoin de r\u00e9cup\u00e9rer des documents supprim\u00e9s, des fichiers chiffr\u00e9s ou des communications effac\u00e9es, nous garantissons une r\u00e9cup\u00e9ration s\u00e9curis\u00e9e, tout en pr\u00e9servant l\u2019int\u00e9grit\u00e9 des donn\u00e9es originales.<\/li>\n\n\n\n<li><strong>Expertise en Forensique :<\/strong> Gr\u00e2ce \u00e0 notre vaste exp\u00e9rience en enqu\u00eates num\u00e9riques, nous comprenons l\u2019importance de maintenir une cha\u00eene de conservation rigoureuse et de suivre des proc\u00e9dures strictes pour assurer l\u2019admissibilit\u00e9 des preuves num\u00e9riques en justice. Nous travaillons en \u00e9troite collaboration avec des huissiers de justice pour produire des analyses expertes et des rapports d\u00e9taill\u00e9s, capables de r\u00e9sister \u00e0 un examen minutieux des instances judiciaires.<\/li>\n\n\n\n<li><strong>Discr\u00e9tion et Confidentialit\u00e9 :<\/strong> Nous comprenons la sensibilit\u00e9 de vos affaires. Tous nos services sont r\u00e9alis\u00e9s dans la plus grande discr\u00e9tion, assurant la protection de la vie priv\u00e9e de vos clients tout au long du processus. Vous pouvez compter sur nous pour traiter les donn\u00e9es et r\u00e9sultats de mani\u00e8re s\u00e9curis\u00e9e et professionnelle.<\/li>\n<\/ul>\n\n\n\n<h3 class=\"wp-block-heading\">Nos services incluent :<\/h3>\n\n\n\n<ul class=\"wp-block-list\">\n<li><strong>Collecte de Preuves Num\u00e9riques :<\/strong> Nous vous assistons dans la collecte et l\u2019analyse de preuves num\u00e9riques, que ce soit pour des cas de fraude, de litiges commerciaux, de licenciements abusifs dans les secteurs public et priv\u00e9, ou pour toute autre affaire juridique impliquant des donn\u00e9es \u00e9lectroniques.<\/li>\n\n\n\n<li><strong>R\u00e9cup\u00e9ration de Donn\u00e9es sur Dispositifs Endommag\u00e9s :<\/strong> Nous r\u00e9cup\u00e9rons des fichiers supprim\u00e9s, perdus ou endommag\u00e9s sur divers appareils, y compris les ordinateurs, disques durs, smartphones, et autres supports de stockage.<\/li>\n\n\n\n<li><strong>Rapports Forensiques D\u00e9taill\u00e9s :<\/strong> Nos rapports sont sp\u00e9cialement con\u00e7us pour un usage juridique et d\u00e9taillent clairement les \u00e9tapes de l\u2019enqu\u00eate. Nous fournissons des analyses claires et accessibles pour vous aider \u00e0 pr\u00e9senter vos preuves devant le tribunal.<\/li>\n<\/ul>\n\n\n\n<p><strong>Service Rapide Disponible<\/strong> : Nous comprenons que certaines affaires n\u00e9cessitent une action imm\u00e9diate. C&rsquo;est pourquoi nous offrons un service de traitement acc\u00e9l\u00e9r\u00e9 pour r\u00e9pondre aux besoins urgents de vos dossiers, notamment dans les cas de licenciements, de fraudes ou de litiges sensibles. Avec cette option, nous pouvons r\u00e9duire consid\u00e9rablement les d\u00e9lais de r\u00e9cup\u00e9ration de donn\u00e9es et de g\u00e9n\u00e9ration de rapports forensiques, tout en maintenant notre rigueur et notre qualit\u00e9 de travail. Ce service est disponible moyennant des frais suppl\u00e9mentaires, vous garantissant des r\u00e9sultats rapides sans compromis sur l\u2019int\u00e9grit\u00e9 des preuves.<\/p>\n\n\n\n<p><\/p>\n\n\n\n<p><strong>forensique@sachotnumerique.com<\/strong> <strong> <\/strong><\/p>\n\n\n\n<p>09 83 83 85 85 \/ 06 69 44 85 85<\/p>\n\n\n\n<figure class=\"wp-block-image size-full is-resized is-style-default\"><a href=\"https:\/\/sachotnumerique.com\/\"><img loading=\"lazy\" decoding=\"async\" width=\"512\" height=\"512\" src=\"http:\/\/sachotnumerique.com\/wp-content\/uploads\/2024\/10\/cropped-IMG_3003.jpg\" alt=\"\" class=\"wp-image-179\" style=\"width:62px;height:auto\" srcset=\"https:\/\/sachotnumerique.com\/wp-content\/uploads\/2024\/10\/cropped-IMG_3003.jpg 512w, https:\/\/sachotnumerique.com\/wp-content\/uploads\/2024\/10\/cropped-IMG_3003-300x300.jpg 300w, https:\/\/sachotnumerique.com\/wp-content\/uploads\/2024\/10\/cropped-IMG_3003-150x150.jpg 150w, https:\/\/sachotnumerique.com\/wp-content\/uploads\/2024\/10\/cropped-IMG_3003-270x270.jpg 270w, https:\/\/sachotnumerique.com\/wp-content\/uploads\/2024\/10\/cropped-IMG_3003-192x192.jpg 192w, https:\/\/sachotnumerique.com\/wp-content\/uploads\/2024\/10\/cropped-IMG_3003-180x180.jpg 180w, https:\/\/sachotnumerique.com\/wp-content\/uploads\/2024\/10\/cropped-IMG_3003-32x32.jpg 32w\" sizes=\"auto, (max-width: 512px) 100vw, 512px\" \/><\/a><\/figure>\n","protected":false},"excerpt":{"rendered":"<p>R\u00e9cup\u00e9ration de Donn\u00e9es et Enqu\u00eates Num\u00e9riques pour les Professionnels du Droit Acc\u00e9dez aux preuves num\u00e9riques critiques pour vos affaires judiciaires gr\u00e2ce \u00e0 des services experts en r\u00e9cup\u00e9ration de donn\u00e9es et en enqu\u00eates num\u00e9riques. En tant que professionnel du droit, vous comprenez l\u2019importance d\u2019obtenir des preuves fiables et en temps opportun. \u00c0 l&rsquo;\u00e8re num\u00e9rique, des informations [&hellip;]<\/p>\n","protected":false},"author":1,"featured_media":0,"parent":0,"menu_order":0,"comment_status":"closed","ping_status":"closed","template":"","meta":{"footnotes":""},"class_list":["post-147","page","type-page","status-publish","hentry"],"_links":{"self":[{"href":"https:\/\/sachotnumerique.com\/index.php\/wp-json\/wp\/v2\/pages\/147","targetHints":{"allow":["GET"]}}],"collection":[{"href":"https:\/\/sachotnumerique.com\/index.php\/wp-json\/wp\/v2\/pages"}],"about":[{"href":"https:\/\/sachotnumerique.com\/index.php\/wp-json\/wp\/v2\/types\/page"}],"author":[{"embeddable":true,"href":"https:\/\/sachotnumerique.com\/index.php\/wp-json\/wp\/v2\/users\/1"}],"replies":[{"embeddable":true,"href":"https:\/\/sachotnumerique.com\/index.php\/wp-json\/wp\/v2\/comments?post=147"}],"version-history":[{"count":5,"href":"https:\/\/sachotnumerique.com\/index.php\/wp-json\/wp\/v2\/pages\/147\/revisions"}],"predecessor-version":[{"id":384,"href":"https:\/\/sachotnumerique.com\/index.php\/wp-json\/wp\/v2\/pages\/147\/revisions\/384"}],"wp:attachment":[{"href":"https:\/\/sachotnumerique.com\/index.php\/wp-json\/wp\/v2\/media?parent=147"}],"curies":[{"name":"wp","href":"https:\/\/api.w.org\/{rel}","templated":true}]}}